 Is w a composite number?
True
Let m(c) = c**3 + 7*c**2 - 8*c + 6. Let q be m(-8). Let y be 138/36 + 1/q. Suppose y*u - 3*r - 208 = 2*r, 175 = 3*u + r. Is u a composite number?
True
Let y(r) = -1742*r + 6041. Is y(-6) a prime number?
True
Let m = -36 - -31. Let r(l) = -65*l**3 - 9*l. Let u be r(m). Suppose u = 5*q - s, 2*q = 5*q + s - 4894. Is q a prime number?
False
Is (466/45)/((-35)/(-3918705)) - 1/15 composite?
True
Let r(w) = -184692*w - 209. Is r(-3) prime?
True
Suppose 6*r + 49*r = -25*r + 8301520. Is r a prime number?
True
Suppose -1805 = -2*d - 485. Suppose -2*z = 2*x - 2808, 23*z + 7015 = 28*z + 4*x. Let u = z - d. Is u a composite number?
False
Suppose -f + 1292 = -5*f. Let r = -104 - f. Is r a prime number?
False
Let r(i) be the second derivative of 9823*i**4/3 + i**3/2 - i**2 - i + 19. Is r(1) prime?
True
Let g = 1277 - 570. Is (8 - (3 + 3))/(2/g) composite?
True
Suppose 5*f - 8 = 12. Suppose f*q + 35736 = -4*c, -2*q = 3*c + 2697 + 15174. Let a = -4730 - q. Is a composite?
False
Let c(z) = 168104*z**2 - 34*z - 3. Is c(1) a composite number?
False
Let u(f) = 1689*f - 34. Let i be u(2). Let o = i + 21243. Is o a composite number?
True
Suppose 5*j + 19 = -2*g - 0, -3 = -g. Is (3174 - 5) + j - (-1 - -2) prime?
True
Suppose -59*i - 876948 + 25681669 = 0. Is i a prime number?
True
Let q be 450/(-36)*(-37484)/5. Is 3*(14/(-35))/((-12)/q) prime?
True
Suppose -4*m + 62 = -5*q - 2*m, 4*q - m = -52. Let u be 1 + -1 - 168/q. Suppose -u*t + 14*t - 590 = 0. Is t a prime number?
False
Let o(u) = -16*u + u - 15*u + 17*u**2 - 4*u + 5. Is o(8) prime?
True
Suppose -7*x + 6376900 = 2*s + 314323, -5*s + 2598268 = 3*x. Is x a composite number?
False
Let a = 37 - 27. Suppose 0 = -o - 0*h - h + 3, 0 = -2*h - a. Suppose -o*r = -13*r + 745. Is r a composite number?
False
Let i(x) = -363*x**2 + 15*x + 5. Let l be i(-3). Let t = 7814 + l. Is t a composite number?
False
Suppose 6 = 4*u - 6. Let x be -779 - (3 + -4) - u. Let o = x - -1332. Is o composite?
True
Let d(c) = 9*c**2 + 7*c - 3. Let b = -34 - -37. Suppose -45 = 5*h + f, -h = -b*h + f - 11. Is d(h) a composite number?
True
Suppose 1 = 2*g - 9. Let m(y) = y**3 - 6*y**2 + 5*y + 5. Let q be m(g). Suppose 4*h + x = 1504, -1893 = -q*h - x + 3*x. Is h composite?
True
Let b(w) = 12145*w - 2384. Is b(13) a composite number?
False
Let l(j) = 179 - 495 - 2521*j + 83. Is l(-12) composite?
True
Suppose 12*d = 17054 - 1154. Suppose c - 338 = i, -5*i = 5*c - c - d. Is c a prime number?
False
Let c(y) = y**2 + 13*y + 2. Let k be c(-14). Suppose d = 9*d - k. Suppose -d*l + 19 = -399. Is l a prime number?
False
Let d = -172 + 174. Suppose -18817 - 6481 = -2*t - d*x, 0 = -3*t - 5*x + 37939. Is t a composite number?
False
Let l = 14772 + 4270. Is l a composite number?
True
Suppose 55*i = 54*i. Suppose 5*a = -i*a + 4190. Is a prime?
False
Suppose 3*k + 37*k - 1505095 = -45*k. Is k a composite number?
False
Let h(c) = -109*c + 261. Let l be h(5). Suppose 0*x = -5*x + 3515. Let n = l + x. Is n prime?
True
Suppose -2*m + 27 = -o, 6*m - m + o - 50 = 0. Suppose -4*h + m*k + 508 = 8*k, 5*k = -h + 127. Is h a prime number?
True
Suppose 0*h - 5*h + 5*r = -2340, -2*h = 2*r - 952. Let a = 415 + h. Is a composite?
False
Let h = 5401 - -7050. Is h a prime number?
True
Let k be (-3)/(-5) - (-220)/50. Suppose -i = m - k*m - 2931, 4*i - 11754 = m. Is i composite?
False
Let l(d) be the third derivative of -41/8*d**4 - 2/3*d**3 + 0 + 0*d - 9*d**2. Is l(-1) composite?
True
Let a(u) = -62*u**3 - 7*u**2 - u - 23. Let s(o) = -o**3 + 17*o**2 + 37*o + 11. Let j be s(19). Is a(j) prime?
False
Suppose 496*h - 495*h + 589 = 0. Let q = 150 - h. Is q prime?
True
Suppose -3*d = -d - 3*t - 16821, -4*d + t + 33667 = 0. Suppose 9*f = 9015 + d. Is f prime?
False
Let j(o) = 636*o - 27. Let m be j(-5). Let s = 5840 + m. Is s a prime number?
True
Suppose 0 = 3*o - 3*q - 9444, -74*q + 78*q - 12 = 0. Is o a prime number?
False
Let j(p) = -p**2 - 9*p + 298. Let a be j(0). Let k = -203 + a. Suppose -10 + k = o. Is o composite?
True
Let w(u) = -179*u - 4. Let j(m) = -178*m - 3. Let a(g) = -4*j(g) + 5*w(g). Let l(t) = -t**3 - 15*t**2 - 46*t - 27. Let r be l(-11). Is a(r) a prime number?
True
Let i(y) = -30*y - 216. Let g be i(-22). Let m = 121 + -386. Let c = m + g. Is c prime?
True
Let f = 21776 + 963. Is f a composite number?
False
Let a = -41320 - -114909. Is a a prime number?
True
Let u(c) = 2*c + 0*c + 2 + 13123*c**2 - 13121*c**2 - 7341*c**3. Is u(-1) a composite number?
True
Is -18 + 24 - 30 - -1681493 prime?
True
Suppose -2*t - 3*t = y + 13, -5*y - 5*t = -35. Let b(g) = 2*g**2 + g + 14. Is b(y) prime?
False
Let p(u) = u**3 + 8*u**2 - 8*u + 9. Let d be p(-9). Suppose d = -l - l + 80. Suppose 2*j - l = -4*x + 24, -5*x = 4*j - 83. Is x a prime number?
False
Is 3/(-36)*(-22742988 - (-7 + 7)) a prime number?
True
Let j be ((-40)/24)/(1/(-3)). Suppose -215 = -4*m + j*m. Let s = 616 - m. Is s a composite number?
True
Let v = 110 + -100. Let l = 184 - 481. Let k = v - l. Is k prime?
True
Let d = 31 - 33. Let m be (-14)/(-21)*(-9)/d. Suppose m*l - 13*l = -20. Is l a composite number?
False
Let n be (-2)/14 + 45/21. Suppose -n*f = -5*q - 5898, 2*q - 6*q = -5*f + 14711. Is f a prime number?
True
Let t = 2284735 - 1346456. Is t composite?
False
Suppose -t + 8886 = t + 2*l, -3*t + 5*l + 13289 = 0. Let j = t - 2471. Let c = j + 968. Is c prime?
False
Let z(s) = -27*s - 51. Let c be z(-2). Suppose 0 = c*v + 15*v - 3798. Is v prime?
True
Let h(p) = -p**3 + 19*p**2 + 6*p + 6. Let v be h(18). Suppose 0 = 5*j - v - 6487. Is j a composite number?
True
Let q = 13946 + 2639. Suppose m = -4808 + q. Is m prime?
True
Suppose -457*c - 3*j - 1300511 = -461*c, -2*c + 650252 = -2*j. Is c a prime number?
True
Suppose -15*a = -836089 - 534413 + 412917. Is a a composite number?
False
Let f be (204/5)/((-40)/(-100)). Let j = 337 - 78. Suppose v + j = 2*d, d = -8*v + 3*v + f. Is d composite?
False
Suppose -3*c + 5939 = 2030. Let z = 3226 + c. Is z composite?
True
Suppose 780681 = 4*w + 303*f - 302*f, -20 = -4*f. Is w a composite number?
True
Let m(u) = 43251*u**3 + 26*u**2 - 41*u + 7. Is m(2) a prime number?
False
Suppose -49877 = -d + 2*b, 18*d - 99757 = 16*d + 5*b. Is d prime?
True
Let i(x) = x**2 - 2*x - 4. Let q be i(0). Let c(j) = -798*j**3 + 5*j**2. Let s(r) = 2394*r**3 - 14*r**2. Let d(y) = q*s(y) - 11*c(y). Is d(-1) a prime number?
False
Let a(x) = 232*x + 33. Suppose 2*n = 5*m + 39, -3 = n - 6*m + 8*m. Is a(n) a prime number?
True
Suppose -8 = 3*j - 4*t, 3*j + 0*t - 7 = t. Suppose -4*p = -6407 + 1459. Suppose 4*f + p + 1715 = j*w, 3*w = -5*f + 2174. Is w prime?
True
Suppose -4*m - 3 = -5*m. Let d(o) be the second derivative of 5*o**5/4 - o**4/12 + 5*o**3/6 - o**2 - 49*o. Is d(m) a prime number?
False
Suppose -9566 = -65*i + 4734. Is 44/i - (-41268)/10 composite?
False
Let u(g) = 7*g - 179. Let c(m) = -m + 6. Let x(i) = -3*c(i) - u(i). Is x(19) a prime number?
False
Suppose 13*j + 11*j - 17005688 = -32*j. Is j a prime number?
False
Let p(v) be the first derivative of v**4/4 - 29*v**3/3 + 93*v**2/2 - 81*v - 145. Is p(26) a prime number?
False
Is 7 + (-534455)/(-35) - (-2)/(-14) a prime number?
True
Let s = 67273 - 29454. Is s prime?
False
Suppose -5*o + 3*z + 2794 = -z, 2*o = 5*z + 1121. Suppose o = -7*p + 6*p - 5*q, -4*p = 3*q + 2215. Let d = -296 - p. Is d prime?
True
Let k(y) = 8*y**3 - 4*y**2 + 7*y + 1. Let u be k(5). Let q = -512 + u. Suppose 37*g - q = 33*g. Is g prime?
False
Let b(z) = -z + 16. Let q be b(8). Suppose 0*g + 2*g = q. Suppose g*p + 108 = 1992. Is p a composite number?
True
Suppose 4*i = -2*q - 10960, 2784 = -i - 3*q + 39. Let f = -1588 - i. Is f a prime number?
True
Let j = 3601 + -3398. Is j a prime number?
False
Suppose 2 + 3 = 3*y + 4*c, 4*c - 8 = -4*y. Let z(q) = -q**y + 21*q + 17*q**2 + 2*q**3 + 190 - 170. Is z(-11) prime?
False
Let n = 25093 - 9482. Is n a prime number?
False
Let b(t) = 1437*t**2 - 29*t - 9. Is b(-5) a composite number?
False
Let d(c) = 6*c - 26. Let t be d(8). Suppose 13*v = t*v - 57483. Is v a prime number?
False
Suppose 4*x = 8*x - 372. Suppose 5*v - 142 = 2*c, 3*v = -c - 0*c - x. Is (-23913)/c + 2/(-9) a prime number?
False
Let o be 1/(-2)*(-2 - 6). Let i(g) = -g**2 - 141*g - 119. Let y be i(72). Is y/(-33) + o/(-3) a composite n